nds digit of 27087437?
0
What is the millions digit of 6960507?
6
What is the tens digit of 13826534?
3
What is the ten thousands digit of 255792?
5
What is the millions digit of 1021105?
1
What is the hundred thousands digit of 3257825?
2
What is the units digit of 2300043?
3
What is the hundred thousands digit of 949636?
9
What is the millions digit of 1367281?
1
What is the tens digit of 2244570?
7
What is the units digit of 1191602?
2
What is the hundreds digit of 12253785?
7
What is the millions digit of 6550452?
6
What is the ten thousands digit of 445452?
4
What is the thousands digit of 6694710?
4
What is the units digit of 9632939?
9
What is the tens digit of 982002?
0
What is the hundred thousands digit of 32754757?
7
What is the hundred thousands digit of 1671278?
6
What is the millions digit of 3142138?
3
What is the units digit of 221809?
9
What is the units digit of 2895623?
3
What is the hundred thousands digit of 376550?
3
What is the millions digit of 1307054?
1
What is the tens digit of 23367?
6
What is the units digit of 616714?
4
What is the hundreds digit of 4762843?
8
What is the thousands digit of 10425782?
5
What is the hundred thousands digit of 3406649?
4
What is the thousands digit of 20973754?
3
What is the hundreds digit of 759161?
1
What is the ten thousands digit of 252252?
5
What is the units digit of 192039?
9
What is the tens digit of 1330081?
8
What is the hundreds digit of 248977?
9
What is the hundred thousands digit of 34524826?
5
What is the hundreds digit of 534027?
0
What is the ten thousands digit of 29510?
2
What is the hundred thousands digit of 10854390?
8
What is the ten thousands digit of 7317051?
1
What is the units digit of 114332?
2
What is the thousands digit of 881276?
1
What is the tens digit of 257231?
3
What is the millions digit of 3056816?
3
What is the tens digit of 7360362?
6
What is the millions digit of 1080856?
1
What is the hundreds digit of 1689894?
8
What is the hundred thousands digit of 101207?
1
What is the thousands digit of 146141?
6
What is the hundreds digit of 2980975?
9
What is the hundred thousands digit of 209459?
2
What is the ten thousands digit of 2074999?
7
What is the hundred thousands digit of 108758?
1
What is the units digit of 391863?
3
What is the hundred thousands digit of 405729?
4
What is the ten thousands digit of 982264?
8
What is the tens digit of 166361?
6
What is the hundred thousands digit of 1166351?
1
What is the ten thousands digit of 8893714?
9
What is the millions digit of 7237106?
7
What is the hundreds digit of 5350634?
6
What is the hundreds digit of 11510082?
0
What is the units digit of 11552440?
0
What is the hundreds digit of 779309?
3
What is the ten thousands digit of 2734580?
3
What is the hundreds digit of 349070?
0
What is the thousands digit of 7716201?
6
What is the hundred thousands digit of 2528210?
5
What is the ten thousands digit of 397347?
9
What is the ten thousands digit of 1597241?
9
What is the hundred thousands digit of 14767127?
7
What is the millions digit of 16332667?
6
What is the thousands digit of 185441?
5
What is the hundred thousands digit of 2600634?
6
What is the ten thousands digit of 838125?
3
What is the thousands digit of 140588?
0
What is the hundred thousands digit of 29156116?
1
What is the hundreds digit of 3559078?
0
What is the ten thousands digit of 3045642?
4
What is the hundred thousands digit of 4046442?
0
What is the units digit of 13571074?
4
What is the units digit of 1190939?
9
What is the tens digit of 6820186?
8
What is the hundred thousands digit of 721278?
7
What is the units digit of 115383?
3
What is the thousands digit of 199497?
9
What is the hundreds digit of 703116?
1
What is the units digit of 171630?
0
What is the ten thousands digit of 3192136?
9
What is the ten thousands digit of 189914?
8
What is the thousands digit of 2851733?
1
What is the ten thousands digit of 1998987?
9
What is the hundreds digit of 231824?
8
What is the hundreds digit of 10560666?
6
What is the thousands digit of 18806411?
6
What is the tens digit of 83555?
5
What is the thousands digit of 94806?
4
What is the millions digit of 6690773?
6
What is the millions digit of 3795205?
3
What is the units digit of 4274?
4
What is the tens digit of 1235152?
5
What is the hundreds digit of 127248?
2
What is the units digit of 789325?
5
What is the millions digit of 1981005?
1
What is the hundreds digit of 1690286?
2
What is the hundreds digit of 822253?
2
What is the hundreds digit of 7840195?
1
What is the tens digit of 1966043?
4
What is the units digit of 214175?
5
What is the hundreds digit of 150756?
7
What is the hundred thousands digit of 9238025?
2
What is the ten thousands digit of 42280?
4
What is the millions digit of 18318254?
8
What is the hundreds digit of 5797162?
1
What is the hundred thousands digit of 14688769?
6
What is the ten thousands digit of 800164?
0
What is the millions digit of 2597586?
2
What is the thousands digit of 7779193?
9
What is the ten millions digit of 13621294?
1
What is the thousands digit of 4376633?
6
What is the hundred thousands digit of 508359?
5
What is the hundreds digit of 2274103?
1
What is the hundreds digit of 10521463?
4
What is the tens digit of 68929?
2
What is the tens digit of 1870878?
7
What is the tens digit of 8331640?
4
What is the hundreds digit of 4035886?
8
What is the tens digit of 1485395?
9
What is the thousands digit of 191766?
1
What is the units digit of 423910?
0
What is the thousands digit of 494995?
4
What is the hundred thousands digit of 16092236?
0
What is the hundreds digit of 5688288?
2
What is the thousands digit of 593214?
3
What is the units digit of 3247494?
4
What is the hundreds digit of 2723924?
9
What is the ten thousands digit of 2227979?
2
What is the tens digit of 6070530?
3
What is the millions digit of 1704475?
1
What is the ten millions digit of 13170035?
1
What is the millions digit of 1727046?
1
What is the ten thousands digit of 465962?
6
What is the thousands digit of 1157438?
7
What is the hundreds digit of 1799361?
3
What is the hundreds digit of 22027?
0
What is the units digit of 2043082?
2
What is the tens digit of 414108?
0
What is the units digit of 178258?
8
What is the units digit of 344620?
0
What is the ten thousands digit of 152555?
5
What is the hundreds digit of 26516381?
3
What is the tens digit of 2604635?
3
What is the millions digit of 1910609?
1
What is the tens digit of 49179?
7
What is the hundred thousands digit of 468731?
4
What is the ten millions digit of 18312625?
1
What is the hundreds digit of 147549?
5
What is the tens digit of 5923949?
4
What is the units digit of 34765?
5
What is the tens digit of 3453487?
8
What is the tens digit of 95689?
8
What is the hundred thousands digit of 7584861?
5
What is the millions digit of 16836053?
6
What is the thousands digit of 602092?
2
What is the ten thousands digit of 38315?
3
What is the tens digit of 458185?
8
What is the units digit of 1213561?
1
What is the thousands digit of 2448707?
8
What is the hundred thousands digit of 3531417?
5
What is the tens digit of 62832?
3
What is the units digit of 799074?
4
What is the tens digit of 543673?
7
What is the tens digit of 870837?
3
What is the units digit of 24636?
6
What is the ten thousands digit of 74182?
7
What is the hundreds digit of 5683179?
1
What is the tens digit of 215826?
2
What is the thousands digit of 866328?
6
What is the thousands digit of 419575?
9
What is the hundred thousands digit of 5434358?
4
What is the thousands digit of 1703328?
3
What is the tens digit of 2319010?
1
What is the units digit of 304997?
7
What is the tens digit of 12720403?
0
What is the hundred thousands digit of 131200?
1
What is the hundreds digit of 988985?
9
What is the units digit of 2584590?
0
What is the ten thousands digit of 143512?
4
What is the units digit of 4436425?
5
What is the millions digit of 1091255?
1
What is the tens digit of 3951156?
5
What is the hundred thousands digit of 3035893?
0
What is the units digit of 219286?
6
What is the thousands digit of 4000592?
0
What is the ten thousands digit of 171462?
7
What is the hundred thousands digit of 288034?
2
What is the tens digit of 101912